What is the remainder when 871353 is divided by 290451?
0
Calculate the remainder when 1394869 is divided by 3749.
241
What is the remainder when 1450340 is divided by 1450329?
11
What is the remainder when 85261 is divided by 46?
23
What is the remainder when 5873492 is divided by 250?
242
Calculate the remainder when 846070 is divided by 20627.
363
Calculate the remainder when 204655 is divided by 447.
376
What is the remainder when 304598 is divided by 6354?
5960
Calculate the remainder when 7366132 is divided by 1227680.
52
Calculate the remainder when 75060 is divided by 3122.
132
Calculate the remainder when 17834039 is divided by 10.
9
Calculate the remainder when 1352551 is divided by 8671.
8546
What is the remainder when 10990782 is divided by 2747684?
46
Calculate the remainder when 147057 is divided by 769.
178
Calculate the remainder when 41226046 is divided by 134.
8
What is the remainder when 9191628 is divided by 113?
95
Calculate the remainder when 66541329 is divided by 102.
99
Calculate the remainder when 57043591 is divided by 108.
43
Calculate the remainder when 6677616 is divided by 6677607.
9
Calculate the remainder when 87562 is divided by 171.
10
Calculate the remainder when 453446 is divided by 50377.
53
What is the remainder when 3715791 is divided by 1238422?
525
What is the remainder when 320269 is divided by 9755?
8109
What is the remainder when 20734683 is divided by 92?
91
Calculate the remainder when 1189866 is divided by 25316.
14
What is the remainder when 29851556 is divided by 3834?
32
What is the remainder when 181492 is divided by 8230?
432
What is the remainder when 31218285 is divided by 170?
165
What is the remainder when 65401 is divided by 7248?
169
Calculate the remainder when 269281 is divided by 269052.
229
Calculate the remainder when 671926 is divided by 1006.
924
Calculate the remainder when 4046645 is divided by 137.
76
Calculate the remainder when 33185686 is divided by 11061893.
7
Calculate the remainder when 24164560 is divided by 1410.
1390
What is the remainder when 115295 is divided by 8233?
33
What is the remainder when 74314977 is divided by 6671?
37
What is the remainder when 6037517 is divided by 11413?
40
What is the remainder when 32108 is divided by 16052?
4
Calculate the remainder when 1506856 is divided by 375832.
3528
Calculate the remainder when 30839605 is divided by 10279863.
16
What is the remainder when 127464 is divided by 301?
141
Calculate the remainder when 526869 is divided by 1019.
46
Calculate the remainder when 3530674 is divided by 1194.
16
Calculate the remainder when 1839748 is divided by 145.
133
Calculate the remainder when 118316 is divided by 16872.
212
Calculate the remainder when 16842888 is divided by 213.
126
What is the remainder when 13141597 is divided by 2688?
2653
What is the remainder when 193899 is divided by 262?
19
What is the remainder when 238922237 is divided by 243?
20
Calculate the remainder when 5137532 is divided by 642188.
28
Calculate the remainder when 23626715 is divided by 3937783.
17
What is the remainder when 3109052 is divided by 1554512?
28
Calculate the remainder when 3977797 is divided by 1264.
1253
What is the remainder when 81864388 is divided by 2521?
2476
What is the remainder when 458297 is divided by 1175?
47
Calculate the remainder when 1101299 is divided by 1963.
56
What is the remainder when 377880 is divided by 1099?
923
What is the remainder when 15374137 is divided by 1537412?
17
What is the remainder when 837552 is divided by 23247?
660
Calculate the remainder when 206447632 is divided by 3208.
0
What is the remainder when 579917 is divided by 11370?
47
Calculate the remainder when 776346 is divided by 40714.
2780
What is the remainder when 3122745 is divided by 3122740?
5
Calculate the remainder when 13619 is divided by 240.
179
What is the remainder when 46033587 is divided by 9206712?
27
Calculate the remainder when 136664 is divided by 1581.
698
Calculate the remainder when 620941 is divided by 238.
237
What is the remainder when 18590085 is divided by 6024?
21
What is the remainder when 3887460 is divided by 43?
2
Calculate the remainder when 143241 is divided by 4492.
3989
What is the remainder when 43715064 is divided by 133?
92
Calculate the remainder when 152354 is divided by 29.
17
Calculate the remainder when 2863475 is divided by 15654.
14447
Calculate the remainder when 365595 is divided by 7763.
734
What is the remainder when 76111 is divided by 5819?
464
Calculate the remainder when 44496617 is divided by 4449659.
27
Calculate the remainder when 416452 is divided by 1243.
47
What is the remainder when 2469024 is divided by 2499?
12
Calculate the remainder when 1421179 is divided by 481.
305
What is the remainder when 387750 is divided by 6914?
566
What is the remainder when 3780172 is divided by 216?
172
Calculate the remainder when 191683 is divided by 93046.
5591
What is the remainder when 825769 is divided by 206420?
89
Calculate the remainder when 6983438 is divided by 1812.
1802
What is the remainder when 7084386 is divided by 756?
666
Calculate the remainder when 2560865 is divided by 23.
22
Calculate the remainder when 1978161 is divided by 116.
13
What is the remainder when 6007386 is divided by 750923?
2
Calculate the remainder when 166197 is divided by 1627.
243
Calculate the remainder when 172068 is divided by 1083.
954
What is the remainder when 83047 is divided by 6909?
139
Calculate the remainder when 3355254 is divided by 48602.
1716
Calculate the remainder when 1838279 is divided by 458.
325
What is the remainder when 376405052 is divided by 38?
4
What is the remainder when 12587162 is divided by 4195716?
14
What is the remainder when 1808898 is divided by 83?
79
What is the remainder when 3091 is divided by 235?
36
What is the remainder when 6140261 is divided by 68?
65
What is the remainder when 4862458 is divided by 3656?
3634
Calculate the remainder when 39785269 is divided by 597.
592
Calculate the remainder when 4092013 is divided by 7854.
79
Calculate the remainder when 32293694 is divided by 1621.
132
Calculate the remainder when 1033696 is divided by 32.
0
Calculate the remainder when 5384903 is divided by 26.
17
Calculate the remainder when 177205 is divided by 2043.
1507
Calculate the remainder when 435804 is divided by 1835.
909
What is the remainder when 20096 is divided by 2758?
790
What is the remainder when 25960 is divided by 12838?
284
What is the remainder when 148547 is divided by 1116?
119
Calculate the remainder when 994573 is divided by 6255.
28
Calculate the remainder when 136028216 is divided by 1642.
10
Calculate the remainder when 32355088 is divided by 400.
288
What is the remainder when 1265496 is divided by 451?
441
What is the remainder when 2899340 is divided by 82?
66
What is the remainder when 155413 is divided by 4885?
3978
What is the remainder when 28581 is divided by 5692?
121
What is the remainder when 23200629 is divided by 289?
287
Calculate the remainder when 146764736 is divided by 30.
26
Calculate the remainder when 437292 is divided by 13513.
4876
Calculate the remainder when 1493948 is divided by 218.
212
Calculate the remainder when 836000 is divided by 69.
65
What is the remainder when 1074617 is divided by 2331?
26
What is the remainder when 40973 is divided by 1465?
1418
What is the remainder when 132747 is divided by 674?
643
Calculate the remainder when 305556892 is divided by 10354.
10352
Calculate the remainder when 1052856 is divided by 522.
504
What is the remainder when 422916 is divided by 107?
52
Calculate the remainder when 136355 is divided by 18726.
5273
What is the remainder when 286181 is divided by 143019?
143
What is the remainder when 6465023 is divided by 330?
323
What is the remainder when 252707 is divided by 84231?
14
What is the remainder when 328128749 is divided by 1125?
1124
What is the remainder when 201621 is divided by 5167?
108
What is the remainder when 27947912 is divided by 21?
20
What is the remainder when 4977321 is divided by 115?
6
Calculate the remainder when 8970361 is divided by 218789.
12
What is the remainder when 145309865 is divided by 57?
50
What is the remainder when 1844652 is divided b